 What is the remainder when 40 is divided by -1 - (16 + -1)*s?
12
Suppose 5*x - 4*j + 2*j - 13 = 0, 8 = 3*x - j. What is the remainder when 4 is divided by x?
1
Let s(d) = -d**2 - 13*d - 12. Let k(y) = 14*y**2 + y. What is the remainder when s(-8) is divided by k(1)?
13
Suppose -365 = -0*q - 5*q. Suppose -2*o = u - 137, o + q = 2*o - u. Calculate the remainder when o is divided by 24.
22
Suppose 0 = 3*j + 18 - 123. What is the remainder when 137 is divided by j?
32
Let n = -159 + 23. Let a = n + 212. Suppose -f - 2*w - w = -23, 5*f = -2*w + a. Calculate the remainder when f is divided by 5.
4
Let h = 62 - 28. What is the remainder when h is divided by 18?
16
Let y(n) = -4*n + 6. Let t be y(5). Let w = -7 - t. What is the remainder when 12 is divided by w?
5
Let y(j) = j**2 - 12*j + 12. Suppose -4 = -s + 8. Calculate the remainder when 2/(-6)*(-69 + 0) is divided by y(s).
11
Suppose 9 = 2*j + 7. Let l(y) = -y - 7. Let n = 7 - 15. What is the remainder when j is divided by l(n)?
0
Suppose 0*b + b + 3*n - 52 = 0, 2*b - 3*n - 77 = 0. Let l = b - 26. What is the remainder when l is divided by 9?
8
Let p(n) = 4*n - 1. Let q(y) = -13*y - 2. Let c(w) = -w. Let x(d) = 6*c(d) + q(d). What is the remainder when x(-3) is divided by p(5)?
17
Let x(u) = 2*u**3 - 3*u**2 + 10*u - 5. Let n(k) = k**3 - k**2 + 5*k - 2. Let b(h) = 11*n(h) - 6*x(h). What is the remainder when b(6) is divided by 5?
4
Let m be (-2)/(5/(35/(-2))). Suppose -3*u + 24 = j, m*u - j = 3*u + 39. Calculate the remainder when 17 is divided by u.
8
Let i(l) = 4*l - 15. Calculate the remainder when i(12) is divided by 12.
9
Suppose -13*t + 10*t = -60. What is the remainder when 35 is divided by t?
15
Let w = -4 - -3. Let a be w - (2 + -4 + -1). Suppose a*g = g + 35. Calculate the remainder when g is divided by 12.
11
Let n = 11 - -1. What is the remainder when n is divided by (-16)/(-3) - 2/6?
2
Let j(c) = -6*c**3 + 2*c - 1. Let s be (-3)/(-5) - (-91)/(-35). What is the remainder when j(s) is divided by 11?
10
Suppose 5*b + 13 = -f, -4*b + 21 = 5*f + 2. Suppose 55 = 2*x + f. Suppose v = -2*v + x. Calculate the remainder when v is divided by 3.
2
Suppose 12 - 2 = 2*t - x, -2*x = -5*t + 24. What is the remainder when 5 is divided by t?
1
Let x(s) = s + 6. Let o be x(-6). Suppose 3*i - i - 182 = o. Calculate the remainder when i is divided by 31.
29
Suppose -2*q - 2*q = 44. Let x = 117 + q. Calculate the remainder when x is divided by 27.
25
Let a = 155 - 74. Calculate the remainder when a is divided by 21.
18
Let g = -5 + 36. Let q = g - 27. Calculate the remainder when 10 is divided by q.
2
Let d = -52 + 89. What is the remainder when d is divided by 20?
17
Let h = 5 + -9. Let n = h + 7. Calculate the remainder when -2 - -25 - (n - 5) is divided by 9.
7
Calculate the remainder when 51 is divided by (-1 - 1) + 140/7.
15
Suppose 5*g - 4*p = -7*p + 7, 10 = 4*g - 2*p. Let r = -72 - -93. Calculate the remainder when r is divided by 11/g*(4 + -2).
10
Let n(d) = -3*d**2 - d - 7. Let j be n(8). Let g = j + 317. Suppose 3*i - g = -2*i. What is the remainder when 64 is divided by i?
20
Suppose 5 = 4*z + k, -5*z + 1 = -5*k + 8*k. Suppose 20 = 5*d + 2*t - t, d - t = -2. What is the remainder when d is divided by z?
1
Let c(z) = z - 7. Let w be c(7). Suppose k - 2*k + 2 = w. Suppose 25 + 51 = 3*a - k*r, r = -3*a + 88. Calculate the remainder when a is divided by 15.
13
What is the remainder when 3/((45/(-42))/(-5)) is divided by 3/(-2)*10/(-3)?
4
Let r be (-1 - 1)*(-38)/4. Suppose 2*w = 4*o + 42, 4*w - o - r = 3*w. What is the remainder when 65 is divided by w?
14
Suppose -5*g + 160 = -3*m - 2*m, 5*g - m = 180. Let f = g - 11. Let x(n) = n**2 + n - 3. What is the remainder when f is divided by x(-4)?
8
Let n(t) = t**3 + 5*t**2 - t + 5. Let c be n(-5). Let k = c + 15. Let d = 100 - 86. Calculate the remainder when k is divided by d.
11
Suppose 0 = -h + 5 + 8. Let g(z) = -8*z - 4. Calculate the remainder when g(-5) is divided by h.
10
Let a(j) = -j**2 + 6*j + 14. Let v = -69 + 108. What is the remainder when v is divided by a(6)?
11
Let s = 44 - 29. What is the remainder when s is divided by (0 + -8)*8/(-16)?
3
Let w = 14 + -10. Suppose -y = -w, -y = -4*c - 0*y + 4. Calculate the remainder when 1/(c/22*1) is divided by 4.
3
Suppose -5*m = 5*c - 30, 0 = m - 2*m - 3*c - 4. What is the remainder when ((-372)/60)/(2/(-10)) is divided by m?
9
Let u(r) = 6*r + 7. Let j be (-686)/(-10) + (-4)/(-10). Let x = -32 + j. What is the remainder when x is divided by u(2)?
18
Let j = 122 - 22. What is the remainder when j is divided by 34?
32
Let r(t) = -29*t - 7. Let l be r(-5). Suppose -2*g + 74 = -3*z + z, 4*g = -z + l. Let j(w) = 3*w - 9. What is the remainder when g is divided by j(7)?
11
Suppose -2*x + 86 = 3*d, 2*d - 62 = -d + 4*x. Calculate the remainder when 101 is divided by d.
23
Let z = -2 + 4. Suppose 48 = z*i + 2*i. What is the remainder when (-5)/(-4)*28/1 is divided by i?
11
Suppose 0 = -y - 4*y. Suppose -s - 3*f + 19 = -y*s, s + 5*f = 29. Calculate the remainder when (-1)/(-1*2/14) is divided by s.
3
Let l(f) = 12*f + 2. Suppose 10 = 3*c + 2*c. What is the remainder when 49 is divided by l(c)?
23
Let q = 0 - -17. Calculate the remainder when 33 is divided by q.
16
Let m be 4 - (3 - 2)*1. Suppose -20 = -4*n, -n - 12 = w - m*n. Calculate the remainder when (-1 + 4)*(5 - w) is divided by 6.
3
Suppose 57 = 11*s - 834. What is the remainder when s is divided by 41?
40
Let n be (0 - -14) + (1 - -2). Let y be (12/(-18))/(4/(-18)). Suppose 28 = y*b - 2*p, -2*p - n = -2*b - 1. What is the remainder when 35 is divided by b?
11
Calculate the remainder when 53 is divided by (-129)/(-9) - (-24)/(-18).
1
Let f(k) = -2*k**2 + 25*k - 6. What is the remainder when f(12) is divided by 2?
0
Let n = -18 + 29. Let v be (-2)/(28/(-15) - -2). Let r = v + 36. What is the remainder when r is divided by n?
10
Suppose 0 = 2*w + 2*w - 16, 0 = -3*p + w + 5. Suppose 0 = -2*v + p*v - 20. What is the remainder when (-4)/v - (-72)/10 is divided by 4?
3
Let j be 92/((-3)/(-9)*3). Suppose 5*v - 312 + j = 0. What is the remainder when v is divided by 15?
14
Let a(t) = t**2 + 56. Let o be a(0). What is the remainder when 11 is divided by o/10 - (-4)/10?
5
Let x(n) = 7*n - 160. Calculate the remainder when x(26) is divided by -3*(0/1 + -4).
10
Let i be (1/(-1))/(-1) + 2. Let l = i - 3. Suppose 100 = -l*g + 5*g. Calculate the remainder when 38 is divided by g.
18
Let j(h) = h**2 - 4*h. Calculate the remainder when 41 is divided by j(-3).
20
Let p(b) = -b**2 - 7*b + 3. Let d = -60 + 77. What is the remainder when d is divided by p(-6)?
8
Let o(h) = 12*h**2 - h + 1. Let r be o(1). Suppose 0 = 5*b + 2 - r. What is the remainder when (-90)/6*b/(-2) is divided by 8?
7
Let o = 0 - -12. What is the remainder when o is divided by 4?
0
Let k(o) = -o**2 + 23*o + 6. Calculate the remainder when 26 is divided by k(23).
2
Suppose -2*r - 4*o + 2*o + 122 = 0, -2*r + 116 = -o. Let q(t) = 16*t**3 - 2*t + 1. What is the remainder when r is divided by q(1)?
14
Calculate the remainder when 130 is divided by 1340/50 - 1/(-5).
22
Suppose 3*u = -5*n - 14, -u - 2*u + 26 = -5*n. Suppose -2*i = 4*o - 24, 2*i - 4 + 0 = 0. What is the remainder when o is divided by u?
1
Suppose h - 48 = -2. Suppose -13*c = 7*c - 240. What is the remainder when h is divided by c?
10
Suppose -5*f = -5*k + 380, -2*f + 72 = k + f. What is the remainder when k is divided by 11?
9
What is the remainder when 994/(-56)*-4*1 is divided by 18?
17
Let n(k) = k - 5. Let c be n(6). Suppose r = c + 7. Suppose 16 = 3*s - 2*d, -s + 0 - r = -4*d. Calculate the remainder when 22 is divided by s.
6
Let b(v) = -v**2 + 16*v + 10. Suppose 5*u - 90 = -5*c, 24 = 5*c - 4*c - 2*u. Calculate the remainder when b(14) is divided by c.
18
Suppose 7*m - 5*m - 18 = 0. Calculate the remainder when 15 is divided by m.
6
Let i = 36 + -79. Let y = -26 - i. What is the remainder when (-7 - 1)/((-1)/4) is divided by y?
15
Suppose -20 = -4*d - 0. Suppose -8 = x - d*x. What is the remainder when (-2 - x)/(-2) + 51 is divided by 18?
17
Let u be -2 + 0 - -4 - -3. Let a(o) = o**2 + 2*o + 2. What is the remainder when a(u) is divided by (-37)/(-3) + 2/3?
11
Let o be (-2007)/(-21) + 6/14. Suppose -33 = -3*y + o. Calculate the rem